Let z = -5 - -6. Let s be z + -2 + (-18)/(-3). Suppose 11 - 25 = -3*m - q, -s*m = q - 26. What is the greatest common factor of 54 and m?
6
Let v(h) = -h**3 - h + 2. Let w be v(0). Let r be w*-1 + (-21)/(-1). Calculate the highest common factor of r and 114.
19
Suppose -2*g = -5*v + 69, 0*v = -3*v - 3*g + 54. Calculate the highest common divisor of v and 3.
3
Let v be 2 + (-113)/(-1) - 5. Suppose -s - 4*z = -0*s - 14, 5*z + 32 = s. Calculate the highest common divisor of v and s.
22
Let p(l) = -9*l. Let a be p(-2). Let c be (-2)/12 + (-4865)/(-30). What is the greatest common factor of a and c?
18
Let v = 163 - 154. What is the highest common divisor of v and 153?
9
Suppose 0 = -l + 17 - 3. Suppose 2*r - 10 - l = 0. What is the highest common divisor of r and 108?
12
Suppose 5*x = 24 + 36. Suppose 0*l - 3*l = -x. Let o be (l - -5)/((-3)/(-2)). What is the highest common factor of 1 and o?
1
Let c be 2/(-8) + 46/(-8). Let a = 12 + c. What is the greatest common divisor of 30 and a?
6
Let y be 444/14 - 5 - 2/(-7). What is the highest common divisor of y and 216?
27
Let i be 9/(14/6 + -2). Suppose -i - 9 = -4*f. What is the highest common factor of f and 36?
9
Suppose 0 = -3*s + 225 - 63. Suppose -3*q + s = -276. What is the highest common divisor of q and 22?
22
Suppose 0 + 57 = 4*y + 3*t, -3*y - 2*t = -43. What is the greatest common divisor of y and 405?
15
Let o(s) = s**3 + 10*s**2 - 12*s - 8. Let c be o(-11). Suppose 3*t - 12 = -c. Let f = 5 - 2. What is the highest common factor of f and t?
3
Let u(l) = 4*l**3 - 5*l + 4 + 2*l**3 - 3*l**3 - 2*l**3 - 5*l**2. Let v be u(6). Calculate the greatest common divisor of v and 40.
10
Let n(g) = -g**3 - 3*g**2 - 3*g. Let o be n(-2). Calculate the highest common factor of o and 8.
2
Let l = 19 + -8. Suppose u - 5 = -3. Suppose -2*f + 3*m = -m + u, 1 = -4*f + 5*m. Calculate the highest common divisor of f and l.
1
Let t be ((-4)/(-5))/(8/660). Let v = t - 40. Suppose v = 3*d - l, 2*d + 5*l + 0 = 6. What is the highest common divisor of d and 8?
8
Let h(o) = -o**2 + 21*o - 16. Let b be h(19). What is the highest common divisor of b and 22?
22
Suppose -13*m + 65 = -52. Calculate the highest common divisor of 9 and m.
9
Suppose 4*v + 0*v - 16 = 0. Let u be 4/(-6)*369/6. Let o = -5 - u. What is the greatest common factor of o and v?
4
Let g(q) = -q**2 + 6*q - 6. Let n be g(4). Let s(x) = -x**2 + 2*x**2 - x - 3*x - n. Let o be s(-4). What is the highest common factor of 15 and o?
15
Suppose 3*v - 25 - 38 = 0. What is the highest common factor of v and 21?
21
Let k(a) = 9*a**2 + 2*a + 1. Suppose i - 3*i - 2 = 0. Let l be k(i). What is the highest common factor of l and 64?
8
Suppose -461 = -9*n + 160. What is the greatest common divisor of n and 46?
23
Suppose -72 = -3*p - p. Let n = 3 - 5. Let j be ((-6)/n)/((-3)/(-2)). Calculate the highest common factor of p and j.
2
Let h be (4 - 1)*17/3. Let b(k) = k**2 + 1. Let u(q) = -q**2 + 49. Let w(o) = 2*b(o) + u(o). Let x be w(0). What is the greatest common divisor of h and x?
17
Let y = -130 - -180. Let r be (-4)/3*-1*15. What is the highest common divisor of y and r?
10
Suppose 4*l - 2*l - 66 = 0. What is the highest common factor of l and 3?
3
Let w be (-3)/((-12)/(-44))*-4. Suppose -4*t = -4*q, 0*t - 4*t - 5*q = 27. Let i = 8 - t. Calculate the highest common factor of w and i.
11
Let x be ((-44)/(-33))/(1/87). Calculate the greatest common divisor of x and 29.
29
Suppose -u = 4*u. Suppose 3*x - 4*x + 9 = u. Calculate the highest common divisor of 36 and x.
9
Let u = 3 + -3. Let t be 64 + 0 + u/(-3). Calculate the greatest common divisor of 16 and t.
16
Suppose t - 80 = -t. Let p = 28 - 18. Calculate the greatest common factor of p and t.
10
Let j = 146 - 122. What is the greatest common divisor of j and 72?
24
Let f = 1 + 0. Suppose 2*w - 2*b - 14 = w, 3*b = 0. Suppose f = 3*k - w. What is the greatest common divisor of 10 and k?
5
Let l be 6/2*(-7 + 4). Let r = l - -20. Calculate the highest common factor of r and 11.
11
Let h be 3/(-3 - 0) + 6. Suppose 3*u - 4 - 2 = 0. Suppose -h*p + u*p + 36 = 0. What is the greatest common factor of 8 and p?
4
Suppose -3*v = 2*u + 8, -3*u + 2*u + 4*v = -18. What is the greatest common divisor of 14 and u?
2
Let j = -40 - -69. What is the greatest common divisor of j and 145?
29
Let l(n) = 3*n - 2. Let z be l(6). What is the highest common factor of z and 40?
8
Suppose -5*n + 2*f + 30 = -f, 3*f + 18 = n. Let q = 0 + 9. What is the highest common divisor of n and q?
3
Let s = -8 + 13. Let a be 23/s + (-2)/(-5). Suppose -8 = k + a*w, -k + 2*w = -0*w - 6. What is the greatest common divisor of k and 18?
2
Let x(a) = 5 + 7*a + 17 + 16 - 8*a. Let c be x(0). Calculate the highest common factor of c and 19.
19
Let t = -14 + 28. Let r = -36 + 57. Calculate the greatest common divisor of r and t.
7
Suppose -5*d - 1 + 121 = 0. Calculate the highest common divisor of 3 and d.
3
Suppose 0 = -0*i - 2*i + 90. Let m be -2 + 1 - (-19)/1. Let f be (-86)/(-18) + 4/m. Calculate the highest common factor of i and f.
5
Suppose -3*m = -2*i + 36, 3*m + 8 - 44 = -4*i. What is the greatest common factor of i and 12?
12
Let n(f) = -3*f - 13. Suppose 0*r - r + 3 = 0. Suppose -r*a - 5*m - 17 = 0, -3*a + 3*m + m = 35. Let v be n(a). Calculate the highest common factor of v and 28.
14
Suppose 3*g = 4*y + 2 - 35, y = -3*g - 3. Suppose h = y*h. Suppose -4*k - k + 275 = h. What is the highest common divisor of 11 and k?
11
Let l be -1 + -3 - (1 - 12). Calculate the greatest common factor of l and 63.
7
Let p be 14/(-21) - 232/(-6). Calculate the highest common factor of 114 and p.
38
Let b be (14/35)/(1/15). Calculate the highest common divisor of 6 and b.
6
Let a = -63 + 90. Suppose 5*p - 3*u = 42, -5*u + 5 = -0. Calculate the highest common divisor of p and a.
9
Let t = -27 + 37. Calculate the greatest common factor of 70 and t.
10
Let y = -44 + 51. Let f = -113 - -162. Calculate the highest common factor of y and f.
7
Let g(j) = j**2 + 9*j - 18. Let r be g(-12). Calculate the greatest common divisor of 9 and r.
9
Suppose 66 = f + 4*i, 3*f - 180 = -f + 5*i. What is the greatest common divisor of f and 10?
10
Let s(k) = 4*k + 8. Let x be s(3). Suppose 2*d = r - 28, 3*r + 5*d = 17 + 23. Calculate the highest common factor of r and x.
20
Let x = -2 - -6. Suppose 2*w - 33 = -b - 8, 0 = -5*b + x*w + 83. What is the highest common divisor of 76 and b?
19
Let u be (-54)/(-15) + 8/20. What is the greatest common divisor of u and 4?
4
Suppose -w = -0 - 8. Let a(y) = 2*y**2 - 6*y + 5. Let b be a(w). Let c be b/(1 - -1 - 1). Calculate the highest common divisor of 17 and c.
17
Let g = 13 + -3. Let n = g + -6. Let m be (1 - 15/(-25))/((-4)/(-50)). What is the highest common factor of n and m?
4
Suppose 0 = -8*t + 3*t. Suppose t = 2*b + 4, 3*l - 63 = -0*b + 3*b. What is the greatest common divisor of 19 and l?
19
Suppose -h - 2 = -3. Let f = -7 + 13. Suppose f + 10 = 2*x. What is the highest common divisor of x and h?
1
Let h = -8 + 13. Suppose -142 = -h*c + 2*r + 292, 4*r = 12. Let l be 98/12 - (-13)/(-78). Calculate the greatest common divisor of c and l.
8
Suppose -4*x - 24 = 32. Let j be (-238)/x*(0 + 1). Calculate the greatest common divisor of 85 and j.
17
Let v(x) = 8*x**2 - 4*x + 6 - 7*x - x**3 + 5*x. Let z be v(7). Let o be ((-8)/(-24))/((-1)/(-39)). Calculate the greatest common divisor of o and z.
13
Let x(h) = h**3 + h**3 + h**2 + 4 + 0*h**2 + 3*h - 3. Let k be x(-2). Let i = k + 49. Calculate the highest common divisor of i and 16.
16
Let p be 416/14 - 6/(-21). What is the highest common factor of p and 330?
30
Let a(c) = -5*c + 2*c**2 - 6 - 3*c**2 + 2*c**2. Let w be a(8). Calculate the highest common factor of w and 45.
9
Suppose -26 = -4*f - 2. Calculate the greatest common factor of f and 6.
6
Let g be 99/6 - (-1)/(-2). Suppose 0*i - 3*i = -n - 16, 0 = 3*i - 2*n - 20. Calculate the highest common divisor of g and i.
4
Suppose -5*z = -256 - 149. What is the greatest common divisor of 9 and z?
9
Let k(n) = n**3 - 9*n**2 + 2*n - 10. Let d be k(9). Suppose -4*a = -d*a + 76. What is the greatest common divisor of a and 57?
19
Let b be 54/8 + 1/4. Calculate the greatest common divisor of 7 and b.
7
Let b be (2/4)/(1/2). Let c = 9 + b. Let u = -4 + c.